ate (-1 - -5) + (1 + -12 - -3).
-4
Evaluate (16 - 16) + 3 + (3 - 5).
1
Calculate -3 + -6 + 8 + -1.
-2
Calculate (4 - 1 - 1) + 1.
3
-6 + 12 + (2 - 12) + 3
-1
What is the value of (-6 - (0 + 0)) + 1?
-5
What is -7 + 5 - (26 - 26)?
-2
Calculate -1 - (-3 + (-4 - (0 - 4))).
2
Calculate 2 + -4 - (-15 + 21 + -8).
0
What is 1 - (-7 + (10 - -2) - -1)?
-5
What is (3 - (2 + -2)) + -7 + -2?
-6
What is the value of -1 + (16 - (-1 - -6)) + -5?
5
What is the value of -4 - (1 + (-3 - 2))?
0
-6 + (-3 - (1 + -7))
-3
What is -2 + 4 - (-2 + 5 - 4)?
3
Calculate 5 - (8 + -2) - 5 - -4.
-2
What is (-12 - (-21 + 11)) + 10?
8
What is 3 - (-2 - -2 - (-20 - -19))?
2
2 - (5 - 1 - 5)
3
Calculate 5 - ((-2 - 4) + 3 + 8).
0
What is 7 + -5 + 8 + 1 + -7?
4
Calculate (-4 - -2) + -1 - (-7 - -1).
3
What is the value of -1 + 2 + 0 - (33 - 29)?
-3
Calculate 0 - 9 - (-50 - -44).
-3
(2 - 1) + 45 + -41
5
Evaluate 5 + (-6 - (-5 - -1)) - -6.
9
2 + 0 - (-2 + 5) - 4
-5
-7 - (-3 - 7 - -10)
-7
Calculate 9 + (-5 - -3) + (58 - 61).
4
-2 - (4 + -10 + (-4 - -3))
5
What is the value of (5 - 1) + (6 - (7 + 4))?
-1
(-2 - (-7 - 7)) + -9
3
What is the value of (-3 + 3 - 2) + 5 - 3?
0
What is the value of -7 + 11 - (-2 + 0)?
6
What is the value of 5 + -1 + -1 + -8?
-5
What is the value of 2 + 1 - 2 - (-3 - -1)?
3
What is 9 + (3 - (8 + -4)) + -17?
-9
What is (1 - -2) + -3 + -1?
-1
-9 + 4 + 2 + -1 - -3
-1
What is (-5 - -6 - 2) + 6?
5
Calculate 2 + -6 + -3 + (-2 - -5).
-4
What is (0 - 5) + (6 - 0) + 4?
5
What is the value of -5 + 11 + -4 + -7?
-5
Calculate 0 + -4 - (11 + -13).
-2
What is the value of 6 + -6 - (0 - (2 + -3))?
-1
5 + (-12 - -1) + 0 + 3
-3
What is the value of 1 + -3 - (0 + -4 - 1)?
3
1 - ((-6 - 2) + (2 - 2))
9
(-15 - (0 - 6)) + 9 + -8
-8
What is the value of -4 - -4 - (-2 - 0 - 0)?
2
Calculate 2 + (-3 - -3) + -3.
-1
What is (6 - 3) + (-1 - 0) + 2?
4
(-5 - -6 - 1) + 3
3
What is -3 + -4 + 5 + -1?
-3
-2 + -2 + -1 - -5 - -8
8
What is 15 + -11 + (1 - 6) - 5?
-6
Evaluate -13 + 2 + -7 + 17.
-1
1 - (4 - (4 + 2 + -5))
-2
Calculate 8 - -1 - (0 + 8 + -3).
4
What is -4 - (-2 - 1 - (-3 + 4))?
0
What is 8 + (-6 - (14 - 6))?
-6
What is the value of 10 + 2 + -12 + 8?
8
What is the value of 1 + (5 - 4 - 5) + 5?
2
Calculate (3 + 6 + -1 - 0) + -1.
7
Calculate 1 + (-1 - (-7 - -9)).
-2
Calculate (17 - (12 + -3)) + -12.
-4
Calculate 1 + 0 - 4 - (-6 + 5).
-2
What is (-2 - -1) + -4 + 8?
3
What is the value of (-1 - (4 + -4)) + 0?
-1
Evaluate -1 + (-3 - (-4 - (0 + 0))).
0
Evaluate -58 + 50 - (-14 + -1).
7
What is the value of -4 - (9 + -8 - (3 + 0))?
-2
What is (-4 - -12) + -18 + 10?
0
What is the value of -4 - 1 - -2 - (8 - 14)?
3
-6 - -11 - (0 - (0 - 0))
5
What is -2 + -2 + -7 + 9 + 2?
0
Calculate 98 - 106 - (-8 + 1).
-1
What is the value of 4 - 2 - (0 + (6 - 2))?
-2
12 + (-6 - 3) + 4
7
What is 1 + (0 - (-6 - -6))?
1
Evaluate (2 - -1) + 34 + -38.
-1
What is the value of 0 + -8 - (5 - (-5 - -13))?
-5
-4 + -1 - (10 - (4 + 18))
7
Evaluate 0 + (5 - (0 + -2 + 0)).
7
Calculate (-3 - (1 - 2) - -4) + 1.
3
What is the value of (3 - 1) + (11 - 8) + -6?
-1
What is -9 - (1 + -11 - -8) - 3?
-10
What is the value of (1 + 5 - -2) + 19 + -22?
5
What is -13 + 0 + 6 - -8?
1
Calculate 5 + -7 + 0 + (0 - -3).
1
What is -10 - (8 + -19 + 7 + -1)?
-5
Evaluate (2 - -4) + 7 + -14 + 2.
1
Evaluate -1 - 1 - (26 - 23).
-5
Evaluate -2 + (0 + 5 - (-9 + 12)).
0
Calculate 5 - (13 + 6 + -7).
-7
Evaluate 2 - 3 - (-25 - -18).
6
-4 - (5 - 10 - -6)
-5
(-3 - -10) + (-3 - (9 + -6))
1
Calculate 0 + -5 + 8 + (-2 - -2).
3
1 + (0 + -3 - -1)
-1
What is the value of -2 + 14 + -1 + -7 + -12?
-8
Calculate 9 + -11 + (3 - -1).
2
(6 - -4) + -1 + -17
-8
Calculate 2 + (2 - 2) - (-6 + 4).
4
Evaluate 3 - (0 - -1) - (0 + 0).
2
What is the value of -2 + (-4 - (-1 - 3))?
-2
0 + -1 - (3 + -1) - -3
0
Calculate 5 + -4 + 1 + 0.
2
0 - 1 - (-4 + 11 - 3)
-5
Evaluate (4 - (3 - 5 - -15)) + 4.
-5
Calculate -10 + 11 + 0 + 1.
2
What is the value of 3 + -1 + -9 + 6 + 6?
5
What is 4 + 4 + (7 - (-6 - -12))?
9
Evaluate -1 - 13 - (2 - (-2 - -10)).
-8
Evaluate 1 + (2 - (-6 + 9)).
0
What is 2 + -3 + 0 - (1 + -4)?
2
Calculate 1 - 4 - (12 + -9 + -4).
-2
What is (-9 + -9 - -9) + 6?
-3
Evaluate 9 + -4 + (-4 - -1).
2
What is the value of (4 - (1 - 1)) + 2 + -7?
-1
What is the value of -3 + (5 - (10 + -6))?
-2
Calculate 8 - (2 - (-2 - -7) - -8).
3
1 + 0 + -4 - -2 - 4
-5
3 + -4 + -3 - -5
1
What is (1 - -8) + -4 + 0 - 3?
2
10 + -13 + 6 - 8
-5
What is the value of 3 + 2 + 2 + -12?
-5
Evaluate -3 + -2 + 11 - 7.
-1
Evaluate -4 - (-7 + (4 - 2 - -3)).
-2
Evaluate 6 + -15 + 2 + 13.
6
Calculate -14 + 20 + (-2 - 5).
-1
What is 1 + 0 - (-4 + 10 + 1)?
-6
Evaluate -19 - (-19 - -3 - -7).
-10
What is 0 + (6 - 5) - (0 + 2)?
-1
Calculate 0 + (3 + -5 + 0 - -3).
1
Calculate 10 + (-16 - -4 - -4).
2
What is the value of 3 + -2 + (-6 + 8 - 3)?
0
7 + (-3 - ((-2 - 0) + 3))
3
Calculate 6 + (10 - 1 - 11).
4
What is (10 + -4 - 2) + -4 + 1?
1
-3 + -1 + 1 - 0 - -3
0
What is the value of (-9 + 8 - 0) + (-5 - 0)?
-6
What is -2 - (3 + -8) - (-5 + 3)?
5
Evaluate -3 + 0 + -3 + 0 + 6.
0
-3 + (10 - 10) + 1
-2
Evaluate (-6 - -4) + 7 + 0.
5
Calculate 1 + (2 - ((0 - -5) + 2)).
-4
-1 + -1 + 1 + 3
2
-8 - (0 + 0 - (25 + -20))
-3
Calculate (11 - (-1 + 9)) + -3.
0
Evaluate (11 - (8 + 4)) + 3 + 1.
3
What is -9 + (-3 - (-2 + -1))?
-9
What is the value of -3 - (3 + (-7 - (1 + 1)))?
3
0 + (14 + -7 + 6 - 6)
7
Evaluate 4 - (0 + 19 - 6).
-9
Evaluate (4 - -7) + (-1 - 0).
10
Evaluate 1 + 2 - (-65 + 65) - 7.
-4
What is 7 + -10 + 2 + -1 + 0?
-2
What is the value of (-1 - 14) + -4 + (12 - 1)?
-8
Evaluate 1 - (2 + (6 - 6)) - 5.
-6
Evaluate 7 - (10 - (4 - (5 + 6))).
-10
Calculate (-2 - -6) + -4 + (-5 - -2).
-3
What is the value of (10 - (3 - 0) - 3) + -1?
3
Evaluate 0 + (-2 - 3) + 5.
0
What is the value of -4 + (-4 - -10 - 1)?
1
Evaluate (-7 - -4) + (-11 - -9).
-5
2 + 3 + 1 + -1
5
What is the value of -5 + 1 + 1 + -2?
-5
Calculate -9 - 0 - (8 + -11).
-6
What is the value of 6 + 4 + (-5 - 1) + -10?
-6
Calculate 1 + ((7 - 0) + -5 - 7).
-4
Calculate (-5 - (-3 + -9) - 10) + 2.
-1
-4 + -3 + 10 + -3
0
(7 + 0 - 7) + 0
0
Evaluate (10 - 14) + (-7 - -5).
-6
What is -4 + (2 - -2) + (-5 - -4)?
-1
Calculate -3 + 13 + -11 + (-1 - -1).
-1
Calculate (1 + -2 - (0 + -2)) + -4.
-3
Calculate -1 - ((7 - 1) + -4).
-3
What is (-3 - (5 - 1)) + 4 + 3?
0
What is 0 - 1 - (2 + (1 - 6))?
2
What is 6 + -6 + -8 - -5?
-3
What is the value of -1 + (13 + -16 - -11)?
7
What is -8 + (4 - -2 - -1)?
-1
What is -42 + 39 + 6 + -2?
1
What is the value of -6 - ((-3 - -5) + -8) - 2?
-2
What is the value of 3 + (-1 + 2 - -2) + -1?
5
Evaluate -18 - -23 - ((1 - 0) + 1).
3
What is 12 - (-10 - (-26 - -13))?
9
What is the value of 6 + 1 + (3 - 5)?
5
Calculate -6 + -2 + -3 + 7 + 3.
-1
Evaluate (-2 - 15) + 1 + 8.
-8
What is 6 - 6 - (-2 - -3)?
-1
(-4 - -1 - 0) + (6 - 0)
3
What is the value of 4 + -3 + 1 + 3 + -6?
-1
Evaluate 9 - ((-3 - -4) + 3).
5
What is the value of -2 + (1 + (-2 - -3) - 1)?
-1
0 + -2 + -2 - 0
-4
(4 + -5 - -2) + 0
1
Evaluate -51 + 44 - (-9 + 1).
1
Evaluate 0 + -3 + 9 + -1.
5
Calculate 9 - (2 + -11 - -22).
-4
Calculate -13 - (2 + (1 - 9)).
-7
What is the value of (-6 - -2) + (5 - (1 + 1))?
-1
What is the value of -22 - -15 - (0 + 0)?
-7
What is (-3 - -4 - 0) + (-2 - 0)?
-1
Evaluate (19 - 10) + -11 + 1 + -3.
-4
What is (-1 + -3 - -7) + -12 - -4?
-5
Calculate 1 - (6 + -13 + 6).
2
What is the value of -3 - (-6 + 5 + 1)?
-3
What is the value of -2 + -1 + (29 - 22)?
4
What is 0 + -2 + 0 - (8 - 10)?
0
-4 + 13 + -4 + 1 + 2
8
What is the value of (3 - 1) + -2 - -1?
1
What is (2 - (0 - -8)) + 10 - 3?
1
2 + -4 + 4 + 0
2
Evaluate -3 + -4 + -2 - -3.
-6
What is -2 - (2 + -8 + (7 - 2))?
-1
What is the value of -9 + (7 - (-14 + 3))?
9
Calculate 14 + 2 + -5 + -4.
7
Calculate (4 - (-2 - -2)) + 0 + -1.
3
What is 6 - (3 + (6 - 2))?
-1
-4 - (6 - (-5 + 11))
-4
What is the value of 7 + -3 + -3 + (2 - 0)?
3
What is -13 - (-16 - -13) - -2?
-8
What is the value of 4 + -1 + -3 + (-1 - -4)?
3
-7 + (-5 - -7) - -5
0
What is the value of (-3 - 1 - -5) + 4?
5
Evaluate -4 - ((-3 - 1) + 1).
-1
What is 3 + (-4 - -2) + -1?
0
Evaluate -1 + (7 - 4) + -5.
-3
What is the value of -4 - -1 - (4 - 3)?
-4
Evaluate (-2 - (-2 + 3)) + 7.
4
Calculate -1 - (-4 + 3 - 0).
0
What is the value of (31 - 26 - (1 - 0)) + 1?
5
Calcula